{"id":132860,"date":"2024-05-16T03:28:08","date_gmt":"2024-05-16T03:28:08","guid":{"rendered":"https:\/\/www.bil.com.br\/blog\/?page_id=132860"},"modified":"2024-05-16T04:26:13","modified_gmt":"2024-05-16T04:26:13","slug":"cursos-no-exterior","status":"publish","type":"page","link":"https:\/\/www.bil.com.br\/blog\/cursos-no-exterior\/","title":{"rendered":"Cursos no Exterior"},"content":{"rendered":"\t\t<div data-elementor-type=\"wp-page\" data-elementor-id=\"132860\" class=\"elementor elementor-132860\" data-elementor-post-type=\"page\">\n\t\t\t\t\t\t<section class=\"elementor-section elementor-top-section elementor-element elementor-element-3e7754b9 elementor-section-boxed elementor-section-height-default elementor-section-height-default\" data-id=\"3e7754b9\" data-element_type=\"section\" data-e-type=\"section\" data-settings=\"{&quot;background_background&quot;:&quot;classic&quot;}\">\n\t\t\t\t\t\t\t<div class=\"elementor-background-overlay\"><\/div>\n\t\t\t\t\t\t\t<div class=\"elementor-container elementor-column-gap-default\">\n\t\t\t\t\t<div class=\"elementor-column elementor-col-100 elementor-top-column elementor-element elementor-element-552fdf93\" data-id=\"552fdf93\" data-element_type=\"column\" data-e-type=\"column\">\n\t\t\t<div class=\"elementor-widget-wrap elementor-element-populated\">\n\t\t\t\t\t\t<div class=\"elementor-element elementor-element-6c53ca6f elementor-widget elementor-widget-image\" data-id=\"6c53ca6f\" data-element_type=\"widget\" data-e-type=\"widget\" data-widget_type=\"image.default\">\n\t\t\t\t<div class=\"elementor-widget-container\">\n\t\t\t\t\t\t\t\t\t\t\t\t\t\t\t<img loading=\"lazy\" decoding=\"async\" width=\"500\" height=\"500\" src=\"https:\/\/www.bil.com.br\/blog\/wp-content\/plugins\/native-lazyload\/assets\/images\/placeholder.svg\" class=\"attachment-large size-large wp-image-130026 native-lazyload-js-fallback\" alt=\"\" loading=\"lazy\" data-src=\"https:\/\/www.bil.com.br\/blog\/wp-content\/uploads\/2023\/11\/Logo-Bil-Branco-Sem-Fundo.png\" data-srcset=\"https:\/\/www.bil.com.br\/blog\/wp-content\/uploads\/2023\/11\/Logo-Bil-Branco-Sem-Fundo.png 500w, https:\/\/www.bil.com.br\/blog\/wp-content\/uploads\/2023\/11\/Logo-Bil-Branco-Sem-Fundo-300x300.png 300w, https:\/\/www.bil.com.br\/blog\/wp-content\/uploads\/2023\/11\/Logo-Bil-Branco-Sem-Fundo-150x150.png 150w, https:\/\/www.bil.com.br\/blog\/wp-content\/uploads\/2023\/11\/Logo-Bil-Branco-Sem-Fundo-60x60.png 60w\" data-sizes=\"(max-width: 500px) 100vw, 500px\" \/>\t\t\t\t\t\t\t\t\t\t\t\t\t\t\t<\/div>\n\t\t\t\t<\/div>\n\t\t\t\t<div class=\"elementor-element elementor-element-faefc3c elementor-widget__width-initial elementor-widget elementor-widget-heading\" data-id=\"faefc3c\" data-element_type=\"widget\" data-e-type=\"widget\" data-widget_type=\"heading.default\">\n\t\t\t\t<div class=\"elementor-widget-container\">\n\t\t\t\t\t<h2 class=\"elementor-heading-title elementor-size-default\">ESTUDAR NO EXTERIOR<\/h2>\t\t\t\t<\/div>\n\t\t\t\t<\/div>\n\t\t\t\t<div class=\"elementor-element elementor-element-4790e3e elementor-widget__width-initial elementor-widget elementor-widget-heading\" data-id=\"4790e3e\" data-element_type=\"widget\" data-e-type=\"widget\" data-widget_type=\"heading.default\">\n\t\t\t\t<div class=\"elementor-widget-container\">\n\t\t\t\t\t<h2 class=\"elementor-heading-title elementor-size-default\">TUDO O QUE VOC\u00ca PRECISA SABER!<\/h2>\t\t\t\t<\/div>\n\t\t\t\t<\/div>\n\t\t\t\t<div class=\"elementor-element elementor-element-3adc860c elementor-widget__width-initial elementor-widget elementor-widget-heading\" data-id=\"3adc860c\" data-element_type=\"widget\" data-e-type=\"widget\" data-widget_type=\"heading.default\">\n\t\t\t\t<div class=\"elementor-widget-container\">\n\t\t\t\t\t<h2 class=\"elementor-heading-title elementor-size-default\">Baixe Nosso Ebook Gratuito<\/h2>\t\t\t\t<\/div>\n\t\t\t\t<\/div>\n\t\t\t\t<div class=\"elementor-element elementor-element-36bafb8 elementor-view-default elementor-widget elementor-widget-icon\" data-id=\"36bafb8\" data-element_type=\"widget\" data-e-type=\"widget\" data-widget_type=\"icon.default\">\n\t\t\t\t<div class=\"elementor-widget-container\">\n\t\t\t\t\t\t\t<div class=\"elementor-icon-wrapper\">\n\t\t\t<div class=\"elementor-icon\">\n\t\t\t<svg aria-hidden=\"true\" class=\"e-font-icon-svg e-fas-arrow-down\" viewBox=\"0 0 448 512\" xmlns=\"http:\/\/www.w3.org\/2000\/svg\"><path d=\"M413.1 222.5l22.2 22.2c9.4 9.4 9.4 24.6 0 33.9L241 473c-9.4 9.4-24.6 9.4-33.9 0L12.7 278.6c-9.4-9.4-9.4-24.6 0-33.9l22.2-22.2c9.5-9.5 25-9.3 34.3.4L184 343.4V56c0-13.3 10.7-24 24-24h32c13.3 0 24 10.7 24 24v287.4l114.8-120.5c9.3-9.8 24.8-10 34.3-.4z\"><\/path><\/svg>\t\t\t<\/div>\n\t\t<\/div>\n\t\t\t\t\t\t<\/div>\n\t\t\t\t<\/div>\n\t\t\t\t<div class=\"elementor-element elementor-element-345bdedc elementor-mobile-align-center elementor-align-center elementor-widget elementor-widget-button\" data-id=\"345bdedc\" data-element_type=\"widget\" data-e-type=\"widget\" data-widget_type=\"button.default\">\n\t\t\t\t<div class=\"elementor-widget-container\">\n\t\t\t\t\t\t\t\t\t<div class=\"elementor-button-wrapper\">\n\t\t\t\t\t<a class=\"elementor-button elementor-button-link elementor-size-lg elementor-animation-grow\" href=\"https:\/\/mkt.bil.com.br\/ebook-cursos-exterior\" target=\"_blank\" id=\"quizztypeform-perfil\">\n\t\t\t\t\t\t<span class=\"elementor-button-content-wrapper\">\n\t\t\t\t\t\t<span class=\"elementor-button-icon\">\n\t\t\t\t<svg aria-hidden=\"true\" class=\"e-font-icon-svg e-fas-plane-departure\" viewBox=\"0 0 640 512\" xmlns=\"http:\/\/www.w3.org\/2000\/svg\"><path d=\"M624 448H16c-8.84 0-16 7.16-16 16v32c0 8.84 7.16 16 16 16h608c8.84 0 16-7.16 16-16v-32c0-8.84-7.16-16-16-16zM80.55 341.27c6.28 6.84 15.1 10.72 24.33 10.71l130.54-.18a65.62 65.62 0 0 0 29.64-7.12l290.96-147.65c26.74-13.57 50.71-32.94 67.02-58.31 18.31-28.48 20.3-49.09 13.07-63.65-7.21-14.57-24.74-25.27-58.25-27.45-29.85-1.94-59.54 5.92-86.28 19.48l-98.51 49.99-218.7-82.06a17.799 17.799 0 0 0-18-1.11L90.62 67.29c-10.67 5.41-13.25 19.65-5.17 28.53l156.22 98.1-103.21 52.38-72.35-36.47a17.804 17.804 0 0 0-16.07.02L9.91 230.22c-10.44 5.3-13.19 19.12-5.57 28.08l76.21 82.97z\"><\/path><\/svg>\t\t\t<\/span>\n\t\t\t\t\t\t\t\t\t<span class=\"elementor-button-text\">Acessar Agora<\/span>\n\t\t\t\t\t<\/span>\n\t\t\t\t\t<\/a>\n\t\t\t\t<\/div>\n\t\t\t\t\t\t\t\t<\/div>\n\t\t\t\t<\/div>\n\t\t\t\t\t<\/div>\n\t\t<\/div>\n\t\t\t\t\t<\/div>\n\t\t<\/section>\n\t\t\t\t<section class=\"elementor-section elementor-top-section elementor-element elementor-element-6ab23d5 elementor-section-boxed elementor-section-height-default elementor-section-height-default\" data-id=\"6ab23d5\" data-element_type=\"section\" data-e-type=\"section\" data-settings=\"{&quot;background_background&quot;:&quot;classic&quot;}\">\n\t\t\t\t\t\t\t<div class=\"elementor-background-overlay\"><\/div>\n\t\t\t\t\t\t\t<div class=\"elementor-container elementor-column-gap-default\">\n\t\t\t\t\t<div class=\"elementor-column elementor-col-100 elementor-top-column elementor-element elementor-element-f4184e0\" data-id=\"f4184e0\" data-element_type=\"column\" data-e-type=\"column\">\n\t\t\t<div class=\"elementor-widget-wrap\">\n\t\t\t\t\t\t\t<\/div>\n\t\t<\/div>\n\t\t\t\t\t<\/div>\n\t\t<\/section>\n\t\t\t\t<section class=\"elementor-section elementor-top-section elementor-element elementor-element-6fcbf084 elementor-section-boxed elementor-section-height-default elementor-section-height-default\" data-id=\"6fcbf084\" data-element_type=\"section\" data-e-type=\"section\" data-settings=\"{&quot;background_background&quot;:&quot;classic&quot;}\">\n\t\t\t\t\t\t<div class=\"elementor-container elementor-column-gap-default\">\n\t\t\t\t\t<div class=\"elementor-column elementor-col-100 elementor-top-column elementor-element elementor-element-5f9ac512\" data-id=\"5f9ac512\" data-element_type=\"column\" data-e-type=\"column\">\n\t\t\t<div class=\"elementor-widget-wrap elementor-element-populated\">\n\t\t\t\t\t\t<div class=\"elementor-element elementor-element-65fc3d0d elementor-widget elementor-widget-image\" data-id=\"65fc3d0d\" data-element_type=\"widget\" data-e-type=\"widget\" data-widget_type=\"image.default\">\n\t\t\t\t<div class=\"elementor-widget-container\">\n\t\t\t\t\t\t\t\t\t\t\t\t\t\t\t\t<a href=\"https:\/\/bil.com.br\/\" target=\"_blank\">\n\t\t\t\t\t\t\t<img loading=\"lazy\" decoding=\"async\" width=\"500\" height=\"500\" src=\"https:\/\/www.bil.com.br\/blog\/wp-content\/plugins\/native-lazyload\/assets\/images\/placeholder.svg\" class=\"attachment-large size-large wp-image-130026 native-lazyload-js-fallback\" alt=\"\" loading=\"lazy\" data-src=\"https:\/\/www.bil.com.br\/blog\/wp-content\/uploads\/2023\/11\/Logo-Bil-Branco-Sem-Fundo.png\" data-srcset=\"https:\/\/www.bil.com.br\/blog\/wp-content\/uploads\/2023\/11\/Logo-Bil-Branco-Sem-Fundo.png 500w, https:\/\/www.bil.com.br\/blog\/wp-content\/uploads\/2023\/11\/Logo-Bil-Branco-Sem-Fundo-300x300.png 300w, https:\/\/www.bil.com.br\/blog\/wp-content\/uploads\/2023\/11\/Logo-Bil-Branco-Sem-Fundo-150x150.png 150w, https:\/\/www.bil.com.br\/blog\/wp-content\/uploads\/2023\/11\/Logo-Bil-Branco-Sem-Fundo-60x60.png 60w\" data-sizes=\"(max-width: 500px) 100vw, 500px\" \/>\t\t\t\t\t\t\t\t<\/a>\n\t\t\t\t\t\t\t\t\t\t\t\t\t\t\t<\/div>\n\t\t\t\t<\/div>\n\t\t\t\t<div class=\"elementor-element elementor-element-6008b0d5 elementor-align-center elementor-icon-list--layout-traditional elementor-list-item-link-full_width elementor-widget elementor-widget-icon-list\" data-id=\"6008b0d5\" data-element_type=\"widget\" data-e-type=\"widget\" data-widget_type=\"icon-list.default\">\n\t\t\t\t<div class=\"elementor-widget-container\">\n\t\t\t\t\t\t\t<ul class=\"elementor-icon-list-items\">\n\t\t\t\t\t\t\t<li class=\"elementor-icon-list-item\">\n\t\t\t\t\t\t\t\t\t\t<span class=\"elementor-icon-list-text\">Atendimento (11)3595-8200.<\/span>\n\t\t\t\t\t\t\t\t\t<\/li>\n\t\t\t\t\t\t\t\t<li class=\"elementor-icon-list-item\">\n\t\t\t\t\t\t\t\t\t\t<span class=\"elementor-icon-list-text\">Rua Fernando Falc\u00e3o, 1111 - 14\u00ba andar - Mooca - S\u00e3o Paulo - SP<\/span>\n\t\t\t\t\t\t\t\t\t<\/li>\n\t\t\t\t\t\t\t\t<li class=\"elementor-icon-list-item\">\n\t\t\t\t\t\t\t\t\t\t\t<a href=\"https:\/\/bil.com.br\/politica-de-privacidade\/\" target=\"_blank\">\n\n\t\t\t\t\t\t\t\t\t\t\t<span class=\"elementor-icon-list-text\">Pol\u00edtica de Privacidade<\/span>\n\t\t\t\t\t\t\t\t\t\t\t<\/a>\n\t\t\t\t\t\t\t\t\t<\/li>\n\t\t\t\t\t\t\t\t<li class=\"elementor-icon-list-item\">\n\t\t\t\t\t\t\t\t\t\t\t<a href=\"https:\/\/bil.com.br\/termos-de-uso\/\" target=\"_blank\">\n\n\t\t\t\t\t\t\t\t\t\t\t<span class=\"elementor-icon-list-text\">Termos de Uso<\/span>\n\t\t\t\t\t\t\t\t\t\t\t<\/a>\n\t\t\t\t\t\t\t\t\t<\/li>\n\t\t\t\t\t\t<\/ul>\n\t\t\t\t\t\t<\/div>\n\t\t\t\t<\/div>\n\t\t\t\t<div class=\"elementor-element elementor-element-4487f5c6 elementor-widget elementor-widget-text-editor\" data-id=\"4487f5c6\" data-element_type=\"widget\" data-e-type=\"widget\" data-widget_type=\"text-editor.default\">\n\t\t\t\t<div class=\"elementor-widget-container\">\n\t\t\t\t\t\t\t\t\t<p>Copyright 2024 BIL Interc\u00e2mbios. Todos os Direitos Reservados.<\/p>\t\t\t\t\t\t\t\t<\/div>\n\t\t\t\t<\/div>\n\t\t\t\t\t<\/div>\n\t\t<\/div>\n\t\t\t\t\t<\/div>\n\t\t<\/section>\n\t\t\t\t<section class=\"elementor-section elementor-top-section elementor-element elementor-element-73112ab elementor-section-boxed elementor-section-height-default elementor-section-height-default\" data-id=\"73112ab\" data-element_type=\"section\" data-e-type=\"section\">\n\t\t\t\t\t\t\t<div class=\"elementor-background-overlay\"><\/div>\n\t\t\t\t\t\t\t<div class=\"elementor-container elementor-column-gap-default\">\n\t\t\t\t\t<div class=\"elementor-column elementor-col-100 elementor-top-column elementor-element elementor-element-a3e1c37\" data-id=\"a3e1c37\" data-element_type=\"column\" data-e-type=\"column\">\n\t\t\t<div class=\"elementor-widget-wrap elementor-element-populated\">\n\t\t\t\t\t\t<div class=\"elementor-element elementor-element-bdc93e2 elementor-widget elementor-widget-html\" data-id=\"bdc93e2\" data-element_type=\"widget\" data-e-type=\"widget\" data-widget_type=\"html.default\">\n\t\t\t\t<div class=\"elementor-widget-container\">\n\t\t\t\t\t<script> \n        (function () { \n          let js = document.createElement(\"script\");\n          js.type = \"text\/javascript\"; \n          js.async = 1; \n          js.src = \"https:\/\/go.botmaker.com\/rest\/webchat\/p\/K1P8XHU562\/init.js\";\n          document.body.appendChild(js); \n        })(); \n \u00a0\u00a0\u00a0\u00a0\u00a0\u00a0\u00a0<\/script>\t\t\t\t<\/div>\n\t\t\t\t<\/div>\n\t\t\t\t\t<\/div>\n\t\t<\/div>\n\t\t\t\t\t<\/div>\n\t\t<\/section>\n\t\t\t\t<\/div>\n\t\t","protected":false},"excerpt":{"rendered":"<p>ESTUDAR NO EXTERIOR TUDO O QUE VOC\u00ca PRECISA SABER! Baixe Nosso Ebook Gratuito Acessar Agora Atendimento (11)3595-8200. Rua Fernando Falc\u00e3o, 1111 &#8211; 14\u00ba andar &#8211; Mooca &#8211; S\u00e3o Paulo &#8211; SP Pol\u00edtica de Privacidade Termos de Uso Copyright 2024 BIL Interc\u00e2mbios. Todos os Direitos Reservados.<\/p>\n","protected":false},"author":1,"featured_media":0,"parent":0,"menu_order":0,"comment_status":"closed","ping_status":"closed","template":"elementor_canvas","meta":{"om_disable_all_campaigns":false,"_monsterinsights_skip_tracking":false,"_monsterinsights_sitenote_active":false,"_monsterinsights_sitenote_note":"","_monsterinsights_sitenote_category":0,"_uf_show_specific_survey":0,"_uf_disable_surveys":false,"footnotes":""},"class_list":["post-132860","page","type-page","status-publish","hentry"],"yoast_head":"<!-- This site is optimized with the Yoast SEO plugin v27.4 - https:\/\/yoast.com\/product\/yoast-seo-wordpress\/ -->\n<title>Cursos no Exterior &#8226; Blog - BIL Interc\u00e2mbios e Turismo<\/title>\n<meta name=\"robots\" content=\"index, follow, max-snippet:-1, max-image-preview:large, max-video-preview:-1\" \/>\n<link rel=\"canonical\" href=\"https:\/\/www.bil.com.br\/blog\/cursos-no-exterior\/\" \/>\n<meta property=\"og:locale\" content=\"pt_BR\" \/>\n<meta property=\"og:type\" content=\"article\" \/>\n<meta property=\"og:title\" content=\"Cursos no Exterior &#8226; Blog - BIL Interc\u00e2mbios e Turismo\" \/>\n<meta property=\"og:description\" content=\"ESTUDAR NO EXTERIOR TUDO O QUE VOC\u00ca PRECISA SABER! Baixe Nosso Ebook Gratuito Acessar Agora Atendimento (11)3595-8200. Rua Fernando Falc\u00e3o, 1111 &#8211; 14\u00ba andar &#8211; Mooca &#8211; S\u00e3o Paulo &#8211; SP Pol\u00edtica de Privacidade Termos de Uso Copyright 2024 BIL Interc\u00e2mbios. Todos os Direitos Reservados.\" \/>\n<meta property=\"og:url\" content=\"https:\/\/www.bil.com.br\/blog\/cursos-no-exterior\/\" \/>\n<meta property=\"og:site_name\" content=\"Blog - BIL Interc\u00e2mbios e Turismo\" \/>\n<meta property=\"article:publisher\" content=\"https:\/\/www.facebook.com\/bilintercambios\" \/>\n<meta property=\"article:modified_time\" content=\"2024-05-16T04:26:13+00:00\" \/>\n<meta property=\"og:image\" content=\"https:\/\/www.bil.com.br\/blog\/wp-content\/uploads\/2023\/11\/Logo-Bil-Branco-Sem-Fundo.png\" \/>\n<meta name=\"twitter:card\" content=\"summary_large_image\" \/>\n<meta name=\"twitter:site\" content=\"@bilintercambios\" \/>\n<meta name=\"twitter:label1\" content=\"Est. tempo de leitura\" \/>\n\t<meta name=\"twitter:data1\" content=\"2 minutos\" \/>\n<script type=\"application\/ld+json\" class=\"yoast-schema-graph\">{\"@context\":\"https:\\\/\\\/schema.org\",\"@graph\":[{\"@type\":\"WebPage\",\"@id\":\"https:\\\/\\\/www.bil.com.br\\\/blog\\\/cursos-no-exterior\\\/\",\"url\":\"https:\\\/\\\/www.bil.com.br\\\/blog\\\/cursos-no-exterior\\\/\",\"name\":\"Cursos no Exterior &#8226; Blog - BIL Interc\u00e2mbios e Turismo\",\"isPartOf\":{\"@id\":\"https:\\\/\\\/www.bil.com.br\\\/blog\\\/#website\"},\"primaryImageOfPage\":{\"@id\":\"https:\\\/\\\/www.bil.com.br\\\/blog\\\/cursos-no-exterior\\\/#primaryimage\"},\"image\":{\"@id\":\"https:\\\/\\\/www.bil.com.br\\\/blog\\\/cursos-no-exterior\\\/#primaryimage\"},\"thumbnailUrl\":\"https:\\\/\\\/www.bil.com.br\\\/blog\\\/wp-content\\\/uploads\\\/2023\\\/11\\\/Logo-Bil-Branco-Sem-Fundo.png\",\"datePublished\":\"2024-05-16T03:28:08+00:00\",\"dateModified\":\"2024-05-16T04:26:13+00:00\",\"breadcrumb\":{\"@id\":\"https:\\\/\\\/www.bil.com.br\\\/blog\\\/cursos-no-exterior\\\/#breadcrumb\"},\"inLanguage\":\"pt-BR\",\"potentialAction\":[{\"@type\":\"ReadAction\",\"target\":[\"https:\\\/\\\/www.bil.com.br\\\/blog\\\/cursos-no-exterior\\\/\"]}]},{\"@type\":\"ImageObject\",\"inLanguage\":\"pt-BR\",\"@id\":\"https:\\\/\\\/www.bil.com.br\\\/blog\\\/cursos-no-exterior\\\/#primaryimage\",\"url\":\"https:\\\/\\\/www.bil.com.br\\\/blog\\\/wp-content\\\/uploads\\\/2023\\\/11\\\/Logo-Bil-Branco-Sem-Fundo.png\",\"contentUrl\":\"https:\\\/\\\/www.bil.com.br\\\/blog\\\/wp-content\\\/uploads\\\/2023\\\/11\\\/Logo-Bil-Branco-Sem-Fundo.png\",\"width\":500,\"height\":500},{\"@type\":\"BreadcrumbList\",\"@id\":\"https:\\\/\\\/www.bil.com.br\\\/blog\\\/cursos-no-exterior\\\/#breadcrumb\",\"itemListElement\":[{\"@type\":\"ListItem\",\"position\":1,\"name\":\"In\u00edcio\",\"item\":\"https:\\\/\\\/www.bil.com.br\\\/blog\\\/\"},{\"@type\":\"ListItem\",\"position\":2,\"name\":\"Cursos no Exterior\"}]},{\"@type\":\"WebSite\",\"@id\":\"https:\\\/\\\/www.bil.com.br\\\/blog\\\/#website\",\"url\":\"https:\\\/\\\/www.bil.com.br\\\/blog\\\/\",\"name\":\"Blog - Bil Interc\u00e2mbios e Turismo\",\"description\":\"Blog oficial da BIL Interc\u00e2mbios. Somos uma ag\u00eancia de interc\u00e2mbios e operadora de turismo. Desde 1985 levando jovens ao exterior. Cursos longos e cursos de f\u00e9rias e programas de interc\u00e2mbio para todas as idades.\",\"publisher\":{\"@id\":\"https:\\\/\\\/www.bil.com.br\\\/blog\\\/#organization\"},\"potentialAction\":[{\"@type\":\"SearchAction\",\"target\":{\"@type\":\"EntryPoint\",\"urlTemplate\":\"https:\\\/\\\/www.bil.com.br\\\/blog\\\/?s={search_term_string}\"},\"query-input\":{\"@type\":\"PropertyValueSpecification\",\"valueRequired\":true,\"valueName\":\"search_term_string\"}}],\"inLanguage\":\"pt-BR\"},{\"@type\":\"Organization\",\"@id\":\"https:\\\/\\\/www.bil.com.br\\\/blog\\\/#organization\",\"name\":\"BIL Interc\u00e2mbios & Turismo\",\"url\":\"https:\\\/\\\/www.bil.com.br\\\/blog\\\/\",\"logo\":{\"@type\":\"ImageObject\",\"inLanguage\":\"pt-BR\",\"@id\":\"https:\\\/\\\/www.bil.com.br\\\/blog\\\/#\\\/schema\\\/logo\\\/image\\\/\",\"url\":\"\",\"contentUrl\":\"\",\"caption\":\"BIL Interc\u00e2mbios & Turismo\"},\"image\":{\"@id\":\"https:\\\/\\\/www.bil.com.br\\\/blog\\\/#\\\/schema\\\/logo\\\/image\\\/\"},\"sameAs\":[\"https:\\\/\\\/www.facebook.com\\\/bilintercambios\",\"https:\\\/\\\/x.com\\\/bilintercambios\",\"https:\\\/\\\/www.instagram.com\\\/bilintercambios\\\/\",\"https:\\\/\\\/www.linkedin.com\\\/company\\\/bil-interc-mbios\",\"https:\\\/\\\/www.youtube.com\\\/channel\\\/UCvKk5_ODgCq7D2oz2nt4BNQ\"]}]}<\/script>\n<!-- \/ Yoast SEO plugin. -->","yoast_head_json":{"title":"Cursos no Exterior &#8226; Blog - BIL Interc\u00e2mbios e Turismo","robots":{"index":"index","follow":"follow","max-snippet":"max-snippet:-1","max-image-preview":"max-image-preview:large","max-video-preview":"max-video-preview:-1"},"canonical":"https:\/\/www.bil.com.br\/blog\/cursos-no-exterior\/","og_locale":"pt_BR","og_type":"article","og_title":"Cursos no Exterior &#8226; Blog - BIL Interc\u00e2mbios e Turismo","og_description":"ESTUDAR NO EXTERIOR TUDO O QUE VOC\u00ca PRECISA SABER! Baixe Nosso Ebook Gratuito Acessar Agora Atendimento (11)3595-8200. Rua Fernando Falc\u00e3o, 1111 &#8211; 14\u00ba andar &#8211; Mooca &#8211; S\u00e3o Paulo &#8211; SP Pol\u00edtica de Privacidade Termos de Uso Copyright 2024 BIL Interc\u00e2mbios. Todos os Direitos Reservados.","og_url":"https:\/\/www.bil.com.br\/blog\/cursos-no-exterior\/","og_site_name":"Blog - BIL Interc\u00e2mbios e Turismo","article_publisher":"https:\/\/www.facebook.com\/bilintercambios","article_modified_time":"2024-05-16T04:26:13+00:00","og_image":[{"url":"https:\/\/www.bil.com.br\/blog\/wp-content\/uploads\/2023\/11\/Logo-Bil-Branco-Sem-Fundo.png","type":"","width":"","height":""}],"twitter_card":"summary_large_image","twitter_site":"@bilintercambios","twitter_misc":{"Est. tempo de leitura":"2 minutos"},"schema":{"@context":"https:\/\/schema.org","@graph":[{"@type":"WebPage","@id":"https:\/\/www.bil.com.br\/blog\/cursos-no-exterior\/","url":"https:\/\/www.bil.com.br\/blog\/cursos-no-exterior\/","name":"Cursos no Exterior &#8226; Blog - BIL Interc\u00e2mbios e Turismo","isPartOf":{"@id":"https:\/\/www.bil.com.br\/blog\/#website"},"primaryImageOfPage":{"@id":"https:\/\/www.bil.com.br\/blog\/cursos-no-exterior\/#primaryimage"},"image":{"@id":"https:\/\/www.bil.com.br\/blog\/cursos-no-exterior\/#primaryimage"},"thumbnailUrl":"https:\/\/www.bil.com.br\/blog\/wp-content\/uploads\/2023\/11\/Logo-Bil-Branco-Sem-Fundo.png","datePublished":"2024-05-16T03:28:08+00:00","dateModified":"2024-05-16T04:26:13+00:00","breadcrumb":{"@id":"https:\/\/www.bil.com.br\/blog\/cursos-no-exterior\/#breadcrumb"},"inLanguage":"pt-BR","potentialAction":[{"@type":"ReadAction","target":["https:\/\/www.bil.com.br\/blog\/cursos-no-exterior\/"]}]},{"@type":"ImageObject","inLanguage":"pt-BR","@id":"https:\/\/www.bil.com.br\/blog\/cursos-no-exterior\/#primaryimage","url":"https:\/\/www.bil.com.br\/blog\/wp-content\/uploads\/2023\/11\/Logo-Bil-Branco-Sem-Fundo.png","contentUrl":"https:\/\/www.bil.com.br\/blog\/wp-content\/uploads\/2023\/11\/Logo-Bil-Branco-Sem-Fundo.png","width":500,"height":500},{"@type":"BreadcrumbList","@id":"https:\/\/www.bil.com.br\/blog\/cursos-no-exterior\/#breadcrumb","itemListElement":[{"@type":"ListItem","position":1,"name":"In\u00edcio","item":"https:\/\/www.bil.com.br\/blog\/"},{"@type":"ListItem","position":2,"name":"Cursos no Exterior"}]},{"@type":"WebSite","@id":"https:\/\/www.bil.com.br\/blog\/#website","url":"https:\/\/www.bil.com.br\/blog\/","name":"Blog - Bil Interc\u00e2mbios e Turismo","description":"Blog oficial da BIL Interc\u00e2mbios. Somos uma ag\u00eancia de interc\u00e2mbios e operadora de turismo. Desde 1985 levando jovens ao exterior. Cursos longos e cursos de f\u00e9rias e programas de interc\u00e2mbio para todas as idades.","publisher":{"@id":"https:\/\/www.bil.com.br\/blog\/#organization"},"potentialAction":[{"@type":"SearchAction","target":{"@type":"EntryPoint","urlTemplate":"https:\/\/www.bil.com.br\/blog\/?s={search_term_string}"},"query-input":{"@type":"PropertyValueSpecification","valueRequired":true,"valueName":"search_term_string"}}],"inLanguage":"pt-BR"},{"@type":"Organization","@id":"https:\/\/www.bil.com.br\/blog\/#organization","name":"BIL Interc\u00e2mbios & Turismo","url":"https:\/\/www.bil.com.br\/blog\/","logo":{"@type":"ImageObject","inLanguage":"pt-BR","@id":"https:\/\/www.bil.com.br\/blog\/#\/schema\/logo\/image\/","url":"","contentUrl":"","caption":"BIL Interc\u00e2mbios & Turismo"},"image":{"@id":"https:\/\/www.bil.com.br\/blog\/#\/schema\/logo\/image\/"},"sameAs":["https:\/\/www.facebook.com\/bilintercambios","https:\/\/x.com\/bilintercambios","https:\/\/www.instagram.com\/bilintercambios\/","https:\/\/www.linkedin.com\/company\/bil-interc-mbios","https:\/\/www.youtube.com\/channel\/UCvKk5_ODgCq7D2oz2nt4BNQ"]}]}},"_links":{"self":[{"href":"https:\/\/www.bil.com.br\/blog\/wp-json\/wp\/v2\/pages\/132860","targetHints":{"allow":["GET"]}}],"collection":[{"href":"https:\/\/www.bil.com.br\/blog\/wp-json\/wp\/v2\/pages"}],"about":[{"href":"https:\/\/www.bil.com.br\/blog\/wp-json\/wp\/v2\/types\/page"}],"author":[{"embeddable":true,"href":"https:\/\/www.bil.com.br\/blog\/wp-json\/wp\/v2\/users\/1"}],"replies":[{"embeddable":true,"href":"https:\/\/www.bil.com.br\/blog\/wp-json\/wp\/v2\/comments?post=132860"}],"version-history":[{"count":64,"href":"https:\/\/www.bil.com.br\/blog\/wp-json\/wp\/v2\/pages\/132860\/revisions"}],"predecessor-version":[{"id":132943,"href":"https:\/\/www.bil.com.br\/blog\/wp-json\/wp\/v2\/pages\/132860\/revisions\/132943"}],"wp:attachment":[{"href":"https:\/\/www.bil.com.br\/blog\/wp-json\/wp\/v2\/media?parent=132860"}],"curies":[{"name":"wp","href":"https:\/\/api.w.org\/{rel}","templated":true}]}}